{"id":3348,"date":"2024-08-23T11:58:53","date_gmt":"2024-08-23T09:58:53","guid":{"rendered":"https:\/\/vasterastaekwondo.se\/?page_id=3348"},"modified":"2025-08-27T12:22:58","modified_gmt":"2025-08-27T10:22:58","slug":"tavlingar","status":"publish","type":"page","link":"https:\/\/vasterastaekwondo.se\/?page_id=3348","title":{"rendered":"T\u00e4vlingar"},"content":{"rendered":"\t\t<div data-elementor-type=\"wp-page\" data-elementor-id=\"3348\" class=\"elementor elementor-3348\">\n\t\t\t\t\t\t<section class=\"elementor-section elementor-top-section elementor-element elementor-element-676f307 elementor-section-boxed elementor-section-height-default elementor-section-height-default\" data-id=\"676f307\" data-element_type=\"section\" data-settings=\"{&quot;background_background&quot;:&quot;classic&quot;}\">\n\t\t\t\t\t\t\t<div class=\"elementor-background-overlay\"><\/div>\n\t\t\t\t\t\t\t<div class=\"elementor-container elementor-column-gap-no\">\n\t\t\t\t\t<div class=\"elementor-column elementor-col-100 elementor-top-column elementor-element elementor-element-cfd909f\" data-id=\"cfd909f\" data-element_type=\"column\">\n\t\t\t<div class=\"elementor-widget-wrap elementor-element-populated\">\n\t\t\t\t\t\t<div class=\"elementor-element elementor-element-fd6730a elementor-widget elementor-widget-heading\" data-id=\"fd6730a\" data-element_type=\"widget\" data-widget_type=\"heading.default\">\n\t\t\t\t<div class=\"elementor-widget-container\">\n\t\t\t\t\t<h1 class=\"elementor-heading-title elementor-size-default\">T\u00e4vlingar<\/h1>\t\t\t\t<\/div>\n\t\t\t\t<\/div>\n\t\t\t\t\t<\/div>\n\t\t<\/div>\n\t\t\t\t\t<\/div>\n\t\t<\/section>\n\t\t<div class=\"elementor-element elementor-element-9e52c7b e-flex e-con-boxed e-con e-parent\" data-id=\"9e52c7b\" data-element_type=\"container\">\n\t\t\t\t\t<div class=\"e-con-inner\">\n\t\t\t\t<div class=\"elementor-element elementor-element-1c8c51d elementor-widget elementor-widget-spacer\" data-id=\"1c8c51d\" data-element_type=\"widget\" data-widget_type=\"spacer.default\">\n\t\t\t\t<div class=\"elementor-widget-container\">\n\t\t\t\t\t\t\t<div class=\"elementor-spacer\">\n\t\t\t<div class=\"elementor-spacer-inner\"><\/div>\n\t\t<\/div>\n\t\t\t\t\t\t<\/div>\n\t\t\t\t<\/div>\n\t\t\t\t<div class=\"elementor-element elementor-element-fa4a4ea elementor-widget-divider--view-line elementor-widget elementor-widget-divider\" data-id=\"fa4a4ea\" data-element_type=\"widget\" data-widget_type=\"divider.default\">\n\t\t\t\t<div class=\"elementor-widget-container\">\n\t\t\t\t\t\t\t<div class=\"elementor-divider\">\n\t\t\t<span class=\"elementor-divider-separator\">\n\t\t\t\t\t\t<\/span>\n\t\t<\/div>\n\t\t\t\t\t\t<\/div>\n\t\t\t\t<\/div>\n\t\t\t\t\t<\/div>\n\t\t\t\t<\/div>\n\t\t<div class=\"elementor-element elementor-element-022136f e-flex e-con-boxed e-con e-parent\" data-id=\"022136f\" data-element_type=\"container\">\n\t\t\t\t\t<div class=\"e-con-inner\">\n\t\t\t\t<div class=\"elementor-element elementor-element-b80f3a0 elementor-widget elementor-widget-heading\" data-id=\"b80f3a0\" data-element_type=\"widget\" data-widget_type=\"heading.default\">\n\t\t\t\t<div class=\"elementor-widget-container\">\n\t\t\t\t\t<h2 class=\"elementor-heading-title elementor-size-default\">T\u00e4vlingar 2025<\/h2>\t\t\t\t<\/div>\n\t\t\t\t<\/div>\n\t\t\t\t<div class=\"elementor-element elementor-element-20e6095 elementor-widget elementor-widget-text-editor\" data-id=\"20e6095\" data-element_type=\"widget\" data-widget_type=\"text-editor.default\">\n\t\t\t\t<div class=\"elementor-widget-container\">\n\t\t\t\t\t\t\t\t\t<h4><span style=\"text-decoration: underline;\">Kyorugi<\/span><\/h4><ul><li>12-13 april &#8211; <a href=\"https:\/\/www.tpss.eu\/PDF\/4114.pdf\" target=\"_blank\" rel=\"noopener\">Challenger<\/a> (\u00c5storp)<\/li><li>3-4 maj &#8211; Swedish Open (Kristianstad)<\/li><li>24-25 maj &#8211; <a href=\"http:\/\/www.tpss.eu\/PDF\/4109.pdf\" target=\"_blank\" rel=\"noopener\">Lomma Cup<\/a> (Lomma)<\/li><li>20 september &#8211; <a href=\"https:\/\/www.svenskataekwondounionen.se\/wp-content\/uploads\/2025\/08\/Inbjudan_SVC1_Kyorugi_Lund-250920.pdf\">Svenska Cupen 1<\/a> (Lund)<\/li><li>21 september &#8211; Sijak Open (Lund)<\/li><li>11 oktober &#8211; Svenska Cupen 2 (Vakant)<\/li><li><em>12 oktober &#8211; Eventuell nyb\u00f6rjart\u00e4vling<\/em><\/li><li>8 november &#8211; Svenska Cupen 3 (J\u00f6nk\u00f6ping)<\/li><li>9 november &#8211; Champion President Cup<\/li><li>6 december &#8211; Svenska M\u00e4sterskapen (Link\u00f6ping)<\/li><\/ul><h4><span style=\"text-decoration: underline;\">Poomsae<\/span><\/h4><ul><li>24-25 maj <a href=\"https:\/\/www.tpss.eu\/PDF\/4109_2.pdf\" target=\"_blank\" rel=\"noopener\">Lomma Cup<\/a> (Lomma)<\/li><li>13 september &#8211; <a href=\"https:\/\/www.tpss.eu\/PDF\/4235.pdf\" target=\"_blank\" rel=\"noopener\">Svenska Cupen 1<\/a> (J\u00f6nk\u00f6ping)\u00a0<\/li><li>18 oktober &#8211; <a href=\"https:\/\/usercontent.one\/wp\/www.svenskataekwondounionen.se\/wp-content\/uploads\/2025\/08\/Inbjudan-SVC-2-Poomsae-Varmdo-18-oktober-2025.pdf\">Svenska Cupen 2<\/a> (V\u00e4rmd\u00f6)<\/li><li>7 december -Svenska M\u00e4sterskapen (Link\u00f6ping)<\/li><\/ul><p>H\u00e5ll koll p\u00e5 Svenska Taekwondounionens <a href=\"https:\/\/www.svenskataekwondounionen.se\/\">hemsida<\/a> f\u00f6r senaste nytt.<\/p>\t\t\t\t\t\t\t\t<\/div>\n\t\t\t\t<\/div>\n\t\t\t\t<div class=\"elementor-element elementor-element-254fc04 elementor-widget elementor-widget-image\" data-id=\"254fc04\" data-element_type=\"widget\" data-widget_type=\"image.default\">\n\t\t\t\t<div class=\"elementor-widget-container\">\n\t\t\t\t\t\t\t\t\t\t\t\t\t\t\t\t<a href=\"https:\/\/www.svenskataekwondounionen.se\/\" target=\"_blank\">\n\t\t\t\t\t\t\t<img decoding=\"async\" width=\"103\" height=\"150\" src=\"https:\/\/vasterastaekwondo.se\/wp-content\/uploads\/2024\/01\/stu.jpg\" class=\"elementor-animation-grow attachment-large size-large wp-image-1329\" alt=\"\" \/>\t\t\t\t\t\t\t\t<\/a>\n\t\t\t\t\t\t\t\t\t\t\t\t\t\t\t<\/div>\n\t\t\t\t<\/div>\n\t\t\t\t<div class=\"elementor-element elementor-element-5eecad5 elementor-widget elementor-widget-spacer\" data-id=\"5eecad5\" data-element_type=\"widget\" data-widget_type=\"spacer.default\">\n\t\t\t\t<div class=\"elementor-widget-container\">\n\t\t\t\t\t\t\t<div class=\"elementor-spacer\">\n\t\t\t<div class=\"elementor-spacer-inner\"><\/div>\n\t\t<\/div>\n\t\t\t\t\t\t<\/div>\n\t\t\t\t<\/div>\n\t\t\t\t\t<\/div>\n\t\t\t\t<\/div>\n\t\t\t\t<\/div>\n\t\t","protected":false},"excerpt":{"rendered":"<p>T\u00e4vlingar T\u00e4vlingar 2025 Kyorugi 12-13 april &#8211; Challenger (\u00c5storp) 3-4 maj &#8211; Swedish Open (Kristianstad) 24-25 maj &#8211; Lomma Cup (Lomma) 20 september &#8211; Svenska Cupen 1 (Lund) 21 september &#8211; Sijak Open (Lund) 11 oktober &#8211; Svenska Cupen 2 (Vakant) 12 oktober &#8211; Eventuell nyb\u00f6rjart\u00e4vling 8 november &#8211; Svenska Cupen 3 (J\u00f6nk\u00f6ping) 9 november [&hellip;]<\/p>\n","protected":false},"author":1,"featured_media":0,"parent":0,"menu_order":0,"comment_status":"closed","ping_status":"closed","template":"","meta":{"site-sidebar-layout":"no-sidebar","site-content-layout":"page-builder","ast-site-content-layout":"","site-content-style":"default","site-sidebar-style":"default","ast-global-header-display":"","ast-banner-title-visibility":"","ast-main-header-display":"","ast-hfb-above-header-display":"","ast-hfb-below-header-display":"","ast-hfb-mobile-header-display":"","site-post-title":"disabled","ast-breadcrumbs-content":"disabled","ast-featured-img":"disabled","footer-sml-layout":"","theme-transparent-header-meta":"enabled","adv-header-id-meta":"","stick-header-meta":"","header-above-stick-meta":"","header-main-stick-meta":"","header-below-stick-meta":"","astra-migrate-meta-layouts":"default","ast-page-background-enabled":"default","ast-page-background-meta":{"desktop":{"background-color":"var(--ast-global-color-4)","background-image":"","background-repeat":"repeat","background-position":"center center","background-size":"auto","background-attachment":"scroll","background-type":"","background-media":"","overlay-type":"","overlay-color":"","overlay-gradient":""},"tablet":{"background-color":"","background-image":"","background-repeat":"repeat","background-position":"center center","background-size":"auto","background-attachment":"scroll","background-type":"","background-media":"","overlay-type":"","overlay-color":"","overlay-gradient":""},"mobile":{"background-color":"","background-image":"","background-repeat":"repeat","background-position":"center center","background-size":"auto","background-attachment":"scroll","background-type":"","background-media":"","overlay-type":"","overlay-color":"","overlay-gradient":""}},"ast-content-background-meta":{"desktop":{"background-color":"var(--ast-global-color-5)","background-image":"","background-repeat":"repeat","background-position":"center center","background-size":"auto","background-attachment":"scroll","background-type":"","background-media":"","overlay-type":"","overlay-color":"","overlay-gradient":""},"tablet":{"background-color":"var(--ast-global-color-5)","background-image":"","background-repeat":"repeat","background-position":"center center","background-size":"auto","background-attachment":"scroll","background-type":"","background-media":"","overlay-type":"","overlay-color":"","overlay-gradient":""},"mobile":{"background-color":"var(--ast-global-color-5)","background-image":"","background-repeat":"repeat","background-position":"center center","background-size":"auto","background-attachment":"scroll","background-type":"","background-media":"","overlay-type":"","overlay-color":"","overlay-gradient":""}},"footnotes":""},"class_list":["post-3348","page","type-page","status-publish","hentry"],"_links":{"self":[{"href":"https:\/\/vasterastaekwondo.se\/index.php?rest_route=\/wp\/v2\/pages\/3348","targetHints":{"allow":["GET"]}}],"collection":[{"href":"https:\/\/vasterastaekwondo.se\/index.php?rest_route=\/wp\/v2\/pages"}],"about":[{"href":"https:\/\/vasterastaekwondo.se\/index.php?rest_route=\/wp\/v2\/types\/page"}],"author":[{"embeddable":true,"href":"https:\/\/vasterastaekwondo.se\/index.php?rest_route=\/wp\/v2\/users\/1"}],"replies":[{"embeddable":true,"href":"https:\/\/vasterastaekwondo.se\/index.php?rest_route=%2Fwp%2Fv2%2Fcomments&post=3348"}],"version-history":[{"count":59,"href":"https:\/\/vasterastaekwondo.se\/index.php?rest_route=\/wp\/v2\/pages\/3348\/revisions"}],"predecessor-version":[{"id":4128,"href":"https:\/\/vasterastaekwondo.se\/index.php?rest_route=\/wp\/v2\/pages\/3348\/revisions\/4128"}],"wp:attachment":[{"href":"https:\/\/vasterastaekwondo.se\/index.php?rest_route=%2Fwp%2Fv2%2Fmedia&parent=3348"}],"curies":[{"name":"wp","href":"https:\/\/api.w.org\/{rel}","templated":true}]}}